{"id":118,"date":"2023-01-31T13:34:57","date_gmt":"2023-01-31T12:34:57","guid":{"rendered":"http:\/\/bbbweco.cluster031.hosting.ovh.net\/editionsastarte\/produit\/defense-douvrir\/"},"modified":"2025-08-30T21:39:12","modified_gmt":"2025-08-30T19:39:12","slug":"defense-douvrir","status":"publish","type":"product","link":"https:\/\/www.editionsastarte.com\/en\/produit\/defense-douvrir\/","title":{"rendered":"D\u00c9FENSE D&#8217;OUVRIR"},"content":{"rendered":"<p>M\u00efrka LUGOSI &#038; Gilles BERQUET<br \/>\nUn des 2000 ex. de 96 pages (15 x 21) Reli\u00e9 cartonn\u00e9, jaquette couleur &#8211; Plus de cinquante photographies en couleur<br \/>\nElle est peintre et lui photographe. Leurs go\u00fbts communs pour les images f\u00e9tichistes les ont rapproch\u00e9s et M\u00efrka est devenue le mod\u00e8le privil\u00e9gi\u00e9 de Gilles, photographe. M\u00efrka a commenc\u00e9 \u00e0 retoucher les tirages de Gilles, \u00e0 aquareller et gouacher sa propre image vue par l&#8217;\u0153il du photographe. Parfois sulfureuses, les \u0153uvres qui en r\u00e9sultent sont toujours nourries d&#8217;une grande tendresse et souvent d&#8217;humour.<br \/>\n(D\u00c9FENSE D&#8217;OUVRIR) est un ouvrage qui relate une intimit\u00e9. Celle d&#8217;un couple sinc\u00e8rement engag\u00e9 dans sa vocation artistique, qu&#8217;il conduit sans frein ni barri\u00e8re. <\/p>\n<p>S\u00e9lectionn\u00e9 par le MOIS DE LA PHOTO<\/p>\n<p> &#8212; <\/p>\n<p>D\u00c9FENSE D&#8217;OUVRIR<br \/>\nM\u00efrka LUGOSI &#038; Gilles BERQUET<\/p>\n<p>Un des 2000 ex. de 96 pages (15 x 21) Reli\u00e9 cartonn\u00e9, jaquette couleur &#8211; Plus de cinquante photographies en couleur<br \/>\nElle est peintre et lui photographe. Leurs go\u00fbts communs pour les images f\u00e9tichistes les ont rapproch\u00e9s et M\u00efrka est devenue le mod\u00e8le privil\u00e9gi\u00e9 de Gilles, photographe. M\u00efrka a commenc\u00e9 \u00e0 retoucher les tirages de Gilles, \u00e0 aquareller et gouacher sa propre image vue par l&#8217;\u0153il du photographe. Parfois sulfureuses, les \u0153uvres qui en r\u00e9sultent sont toujours nourries d&#8217;une grande tendresse et souvent d&#8217;humour.<br \/>\n(D\u00c9FENSE D&#8217;OUVRIR) est un ouvrage qui relate une intimit\u00e9. Celle d&#8217;un couple sinc\u00e8rement engag\u00e9 dans sa vocation artistique, qu&#8217;il conduit sans frein ni barri\u00e8re. <\/p>\n<p>S\u00e9lectionn\u00e9 par le MOIS DE LA PHOTO<\/p>\n","protected":false},"excerpt":{"rendered":"<p>M\u00efrka LUGOSI &#038; Gilles BERQUET Un des 2000 ex. de 96 pages (15 x 21) Reli\u00e9 cartonn\u00e9, jaquette couleur &#8211; Plus de cinquante photographies en couleur Elle est peintre et lui photographe. Leurs go\u00fbts communs pour les images f\u00e9tichistes les ont rapproch\u00e9s et M\u00efrka est devenue le mod\u00e8le privil\u00e9gi\u00e9 de Gilles, photographe. M\u00efrka a commenc\u00e9 [&#8230;]\n","protected":false},"featured_media":112,"template":"","meta":[],"product_brand":[],"product_cat":[20],"product_tag":[],"class_list":{"0":"post-118","1":"product","2":"type-product","3":"status-publish","4":"has-post-thumbnail","6":"product_cat-lart-dans-lerotisme","8":"first","9":"instock","10":"shipping-taxable","11":"purchasable","12":"product-type-simple"},"_links":{"self":[{"href":"https:\/\/www.editionsastarte.com\/en\/wp-json\/wp\/v2\/product\/118","targetHints":{"allow":["GET"]}}],"collection":[{"href":"https:\/\/www.editionsastarte.com\/en\/wp-json\/wp\/v2\/product"}],"about":[{"href":"https:\/\/www.editionsastarte.com\/en\/wp-json\/wp\/v2\/types\/product"}],"wp:featuredmedia":[{"embeddable":true,"href":"https:\/\/www.editionsastarte.com\/en\/wp-json\/wp\/v2\/media\/112"}],"wp:attachment":[{"href":"https:\/\/www.editionsastarte.com\/en\/wp-json\/wp\/v2\/media?parent=118"}],"wp:term":[{"taxonomy":"product_brand","embeddable":true,"href":"https:\/\/www.editionsastarte.com\/en\/wp-json\/wp\/v2\/product_brand?post=118"},{"taxonomy":"product_cat","embeddable":true,"href":"https:\/\/www.editionsastarte.com\/en\/wp-json\/wp\/v2\/product_cat?post=118"},{"taxonomy":"product_tag","embeddable":true,"href":"https:\/\/www.editionsastarte.com\/en\/wp-json\/wp\/v2\/product_tag?post=118"}],"curies":[{"name":"wp","href":"https:\/\/api.w.org\/{rel}","templated":true}]}}

DÉFENSE D&#8217;OUVRIR

<p>Mïrka LUGOSI &#038; Gilles BERQUET<br />
Un des 2000 ex. de 96 pages (15 x 21) Relié cartonné, jaquette couleur &#8211; Plus de cinquante photographies en couleur<br />
Elle est peintre et lui photographe. Leurs goûts communs pour les images fétichistes les ont rapprochés et Mïrka est devenue le modèle privilégié de Gilles, photographe. Mïrka a commencé à retoucher les tirages de Gilles, à aquareller et gouacher sa propre image vue par l&#8217;œil du photographe. Parfois sulfureuses, les œuvres qui en résultent sont toujours nourries d&#8217;une grande tendresse et souvent d&#8217;humour.<br />
(DÉFENSE D&#8217;OUVRIR) est un ouvrage qui relate une intimité. Celle d&#8217;un couple sincèrement engagé dans sa vocation artistique, qu&#8217;il conduit sans frein ni barrière. </p>
<p>Sélectionné par le MOIS DE LA PHOTO</p>
<p> &#8212; </p>
<p>DÉFENSE D&#8217;OUVRIR<br />
Mïrka LUGOSI &#038; Gilles BERQUET</p>
<p>Un des 2000 ex. de 96 pages (15 x 21) Relié cartonné, jaquette couleur &#8211; Plus de cinquante photographies en couleur<br />
Elle est peintre et lui photographe. Leurs goûts communs pour les images fétichistes les ont rapprochés et Mïrka est devenue le modèle privilégié de Gilles, photographe. Mïrka a commencé à retoucher les tirages de Gilles, à aquareller et gouacher sa propre image vue par l&#8217;œil du photographe. Parfois sulfureuses, les œuvres qui en résultent sont toujours nourries d&#8217;une grande tendresse et souvent d&#8217;humour.<br />
(DÉFENSE D&#8217;OUVRIR) est un ouvrage qui relate une intimité. Celle d&#8217;un couple sincèrement engagé dans sa vocation artistique, qu&#8217;il conduit sans frein ni barrière. </p>
<p>Sélectionné par le MOIS DE LA PHOTO</p>

<p>Mïrka LUGOSI &#038; Gilles BERQUET Un des 2000 ex. de 96 pages (15 x 21) Relié cartonné, jaquette couleur &#8211; Plus de cinquante photographies en couleur Elle est peintre et lui photographe. Leurs goûts communs pour les images fétichistes les ont rapprochés et Mïrka est devenue le modèle privilégié de Gilles, photographe. Mïrka a commencé [&#8230;]
